{"id":5135,"date":"2022-04-27T14:49:39","date_gmt":"2022-04-27T17:49:39","guid":{"rendered":"https:\/\/casaaraucariaperfis.com.br\/?post_type=product&#038;p=5135"},"modified":"2022-04-28T16:18:10","modified_gmt":"2022-04-28T19:18:10","slug":"parafuso-cab-sext-p-broca-4-8-x-19-500un","status":"publish","type":"product","link":"https:\/\/casaaraucariaperfis.com.br\/?product=parafuso-cab-sext-p-broca-4-8-x-19-500un","title":{"rendered":"Parafuso Cab Sext p\/ Broca 4.8 x 19 ( 500UN )"},"content":{"rendered":"<p>Fixa\u00e7\u00e3o de pain\u00e9is em estruturas.<\/p>\n","protected":false},"excerpt":{"rendered":"<p>Fixa\u00e7\u00e3o de pain\u00e9is em estruturas.<\/p>\n","protected":false},"featured_media":5137,"comment_status":"open","ping_status":"closed","template":"","meta":[],"product_brand":[],"product_cat":[149,132,153],"product_tag":[154,155],"class_list":{"0":"post-5135","1":"product","2":"type-product","3":"status-publish","4":"has-post-thumbnail","6":"product_cat-acessorios","7":"product_cat-acessorios-para-drywall","8":"product_cat-parafusos","9":"product_tag-acessorios","10":"product_tag-parafuso","12":"first","13":"instock","14":"shipping-taxable","15":"product-type-simple"},"yoast_head":"<!-- This site is optimized with the Yoast SEO plugin v27.5 - https:\/\/yoast.com\/product\/yoast-seo-wordpress\/ -->\n<title>Parafuso Cab Sext p\/ Broca 4.8 x 19 ( 500UN ) - Arauc\u00e1ria Perfis Arauc\u00e1ria Perfis (41)3607-5513 (41) 99196-5846<\/title>\n<meta name=\"description\" content=\"Perfis de Steel Frame perfis de Drywall Telhado Met\u00e1lico Perfils Engenheirado Steel Frame Light\" \/>\n<meta name=\"robots\" content=\"index, follow, max-snippet:-1, max-image-preview:large, max-video-preview:-1\" \/>\n<link rel=\"canonical\" href=\"https:\/\/casaaraucariaperfis.com.br\/produto\/parafuso-cab-sext-p-broca-4-8-x-19-500un\/\" \/>\n<meta property=\"og:locale\" content=\"pt_BR\" \/>\n<meta property=\"og:type\" content=\"article\" \/>\n<meta property=\"og:title\" content=\"Parafuso Cab Sext p\/ Broca 4.8 x 19 ( 500UN ) - Arauc\u00e1ria Perfis Arauc\u00e1ria Perfis (41)3607-5513 (41) 99196-5846\" \/>\n<meta property=\"og:description\" content=\"Perfis de Steel Frame perfis de Drywall Telhado Met\u00e1lico Perfils Engenheirado Steel Frame Light\" \/>\n<meta property=\"og:url\" content=\"https:\/\/casaaraucariaperfis.com.br\/produto\/parafuso-cab-sext-p-broca-4-8-x-19-500un\/\" \/>\n<meta property=\"og:site_name\" content=\"Arauc\u00e1ria Perfis\" \/>\n<meta property=\"article:modified_time\" content=\"2022-04-28T19:18:10+00:00\" \/>\n<meta property=\"og:image\" content=\"https:\/\/casaaraucariaperfis.com.br\/wp-content\/uploads\/2022\/04\/parafuso-brocante.png\" \/>\n\t<meta property=\"og:image:width\" content=\"300\" \/>\n\t<meta property=\"og:image:height\" content=\"300\" \/>\n\t<meta property=\"og:image:type\" content=\"image\/png\" \/>\n<meta name=\"twitter:card\" content=\"summary_large_image\" \/>\n<meta name=\"twitter:label1\" content=\"Est. tempo de leitura\" \/>\n\t<meta name=\"twitter:data1\" content=\"1 minuto\" \/>\n<script type=\"application\/ld+json\" class=\"yoast-schema-graph\">{\"@context\":\"https:\\\/\\\/schema.org\",\"@graph\":[{\"@type\":\"WebPage\",\"@id\":\"https:\\\/\\\/casaaraucariaperfis.com.br\\\/produto\\\/parafuso-cab-sext-p-broca-4-8-x-19-500un\\\/\",\"url\":\"https:\\\/\\\/casaaraucariaperfis.com.br\\\/produto\\\/parafuso-cab-sext-p-broca-4-8-x-19-500un\\\/\",\"name\":\"Parafuso Cab Sext p\\\/ Broca 4.8 x 19 ( 500UN ) - Arauc\u00e1ria Perfis Arauc\u00e1ria Perfis (41)3607-5513 (41) 99196-5846\",\"isPartOf\":{\"@id\":\"https:\\\/\\\/casaaraucariaperfis.com.br\\\/#website\"},\"primaryImageOfPage\":{\"@id\":\"https:\\\/\\\/casaaraucariaperfis.com.br\\\/produto\\\/parafuso-cab-sext-p-broca-4-8-x-19-500un\\\/#primaryimage\"},\"image\":{\"@id\":\"https:\\\/\\\/casaaraucariaperfis.com.br\\\/produto\\\/parafuso-cab-sext-p-broca-4-8-x-19-500un\\\/#primaryimage\"},\"thumbnailUrl\":\"https:\\\/\\\/casaaraucariaperfis.com.br\\\/wp-content\\\/uploads\\\/2022\\\/04\\\/parafuso-brocante.png\",\"datePublished\":\"2022-04-27T17:49:39+00:00\",\"dateModified\":\"2022-04-28T19:18:10+00:00\",\"description\":\"Perfis de Steel Frame perfis de Drywall Telhado Met\u00e1lico Perfils Engenheirado Steel Frame Light\",\"breadcrumb\":{\"@id\":\"https:\\\/\\\/casaaraucariaperfis.com.br\\\/produto\\\/parafuso-cab-sext-p-broca-4-8-x-19-500un\\\/#breadcrumb\"},\"inLanguage\":\"pt-BR\",\"potentialAction\":[{\"@type\":\"ReadAction\",\"target\":[\"https:\\\/\\\/casaaraucariaperfis.com.br\\\/produto\\\/parafuso-cab-sext-p-broca-4-8-x-19-500un\\\/\"]}]},{\"@type\":\"ImageObject\",\"inLanguage\":\"pt-BR\",\"@id\":\"https:\\\/\\\/casaaraucariaperfis.com.br\\\/produto\\\/parafuso-cab-sext-p-broca-4-8-x-19-500un\\\/#primaryimage\",\"url\":\"https:\\\/\\\/casaaraucariaperfis.com.br\\\/wp-content\\\/uploads\\\/2022\\\/04\\\/parafuso-brocante.png\",\"contentUrl\":\"https:\\\/\\\/casaaraucariaperfis.com.br\\\/wp-content\\\/uploads\\\/2022\\\/04\\\/parafuso-brocante.png\",\"width\":300,\"height\":300},{\"@type\":\"BreadcrumbList\",\"@id\":\"https:\\\/\\\/casaaraucariaperfis.com.br\\\/produto\\\/parafuso-cab-sext-p-broca-4-8-x-19-500un\\\/#breadcrumb\",\"itemListElement\":[{\"@type\":\"ListItem\",\"position\":1,\"name\":\"Arauc\u00e1ria Perfis (41)3607-5513 (41) 99196-5846 Perfis de Steel Frame perfis de Drywall Telhado Met\u00e1lico Perfils Engenheirado Steel Frame Light\",\"item\":\"https:\\\/\\\/casaaraucariaperfis.com.br\\\/\"},{\"@type\":\"ListItem\",\"position\":2,\"name\":\"Shop\",\"item\":\"https:\\\/\\\/casaaraucariaperfis.com.br\\\/?page_id=207\"},{\"@type\":\"ListItem\",\"position\":3,\"name\":\"Parafuso Cab Sext p\\\/ Broca 4.8 x 19 ( 500UN )\"}]},{\"@type\":\"WebSite\",\"@id\":\"https:\\\/\\\/casaaraucariaperfis.com.br\\\/#website\",\"url\":\"https:\\\/\\\/casaaraucariaperfis.com.br\\\/\",\"name\":\"Arauc\u00e1ria Perfis\",\"description\":\"perfis de drywall e steel frame dentro das normas ABNT\",\"publisher\":{\"@id\":\"https:\\\/\\\/casaaraucariaperfis.com.br\\\/#organization\"},\"potentialAction\":[{\"@type\":\"SearchAction\",\"target\":{\"@type\":\"EntryPoint\",\"urlTemplate\":\"https:\\\/\\\/casaaraucariaperfis.com.br\\\/?s={search_term_string}\"},\"query-input\":{\"@type\":\"PropertyValueSpecification\",\"valueRequired\":true,\"valueName\":\"search_term_string\"}}],\"inLanguage\":\"pt-BR\"},{\"@type\":\"Organization\",\"@id\":\"https:\\\/\\\/casaaraucariaperfis.com.br\\\/#organization\",\"name\":\"Arauc\u00e1ria Perfis\",\"url\":\"https:\\\/\\\/casaaraucariaperfis.com.br\\\/\",\"logo\":{\"@type\":\"ImageObject\",\"inLanguage\":\"pt-BR\",\"@id\":\"https:\\\/\\\/casaaraucariaperfis.com.br\\\/#\\\/schema\\\/logo\\\/image\\\/\",\"url\":\"https:\\\/\\\/casaaraucariaperfis.com.br\\\/wp-content\\\/uploads\\\/2022\\\/03\\\/logo.png\",\"contentUrl\":\"https:\\\/\\\/casaaraucariaperfis.com.br\\\/wp-content\\\/uploads\\\/2022\\\/03\\\/logo.png\",\"width\":305,\"height\":71,\"caption\":\"Arauc\u00e1ria Perfis\"},\"image\":{\"@id\":\"https:\\\/\\\/casaaraucariaperfis.com.br\\\/#\\\/schema\\\/logo\\\/image\\\/\"}}]}<\/script>\n<!-- \/ Yoast SEO plugin. -->","yoast_head_json":{"title":"Parafuso Cab Sext p\/ Broca 4.8 x 19 ( 500UN ) - Arauc\u00e1ria Perfis Arauc\u00e1ria Perfis (41)3607-5513 (41) 99196-5846","description":"Perfis de Steel Frame perfis de Drywall Telhado Met\u00e1lico Perfils Engenheirado Steel Frame Light","robots":{"index":"index","follow":"follow","max-snippet":"max-snippet:-1","max-image-preview":"max-image-preview:large","max-video-preview":"max-video-preview:-1"},"canonical":"https:\/\/casaaraucariaperfis.com.br\/produto\/parafuso-cab-sext-p-broca-4-8-x-19-500un\/","og_locale":"pt_BR","og_type":"article","og_title":"Parafuso Cab Sext p\/ Broca 4.8 x 19 ( 500UN ) - Arauc\u00e1ria Perfis Arauc\u00e1ria Perfis (41)3607-5513 (41) 99196-5846","og_description":"Perfis de Steel Frame perfis de Drywall Telhado Met\u00e1lico Perfils Engenheirado Steel Frame Light","og_url":"https:\/\/casaaraucariaperfis.com.br\/produto\/parafuso-cab-sext-p-broca-4-8-x-19-500un\/","og_site_name":"Arauc\u00e1ria Perfis","article_modified_time":"2022-04-28T19:18:10+00:00","og_image":[{"width":300,"height":300,"url":"https:\/\/casaaraucariaperfis.com.br\/wp-content\/uploads\/2022\/04\/parafuso-brocante.png","type":"image\/png"}],"twitter_card":"summary_large_image","twitter_misc":{"Est. tempo de leitura":"1 minuto"},"schema":{"@context":"https:\/\/schema.org","@graph":[{"@type":"WebPage","@id":"https:\/\/casaaraucariaperfis.com.br\/produto\/parafuso-cab-sext-p-broca-4-8-x-19-500un\/","url":"https:\/\/casaaraucariaperfis.com.br\/produto\/parafuso-cab-sext-p-broca-4-8-x-19-500un\/","name":"Parafuso Cab Sext p\/ Broca 4.8 x 19 ( 500UN ) - Arauc\u00e1ria Perfis Arauc\u00e1ria Perfis (41)3607-5513 (41) 99196-5846","isPartOf":{"@id":"https:\/\/casaaraucariaperfis.com.br\/#website"},"primaryImageOfPage":{"@id":"https:\/\/casaaraucariaperfis.com.br\/produto\/parafuso-cab-sext-p-broca-4-8-x-19-500un\/#primaryimage"},"image":{"@id":"https:\/\/casaaraucariaperfis.com.br\/produto\/parafuso-cab-sext-p-broca-4-8-x-19-500un\/#primaryimage"},"thumbnailUrl":"https:\/\/casaaraucariaperfis.com.br\/wp-content\/uploads\/2022\/04\/parafuso-brocante.png","datePublished":"2022-04-27T17:49:39+00:00","dateModified":"2022-04-28T19:18:10+00:00","description":"Perfis de Steel Frame perfis de Drywall Telhado Met\u00e1lico Perfils Engenheirado Steel Frame Light","breadcrumb":{"@id":"https:\/\/casaaraucariaperfis.com.br\/produto\/parafuso-cab-sext-p-broca-4-8-x-19-500un\/#breadcrumb"},"inLanguage":"pt-BR","potentialAction":[{"@type":"ReadAction","target":["https:\/\/casaaraucariaperfis.com.br\/produto\/parafuso-cab-sext-p-broca-4-8-x-19-500un\/"]}]},{"@type":"ImageObject","inLanguage":"pt-BR","@id":"https:\/\/casaaraucariaperfis.com.br\/produto\/parafuso-cab-sext-p-broca-4-8-x-19-500un\/#primaryimage","url":"https:\/\/casaaraucariaperfis.com.br\/wp-content\/uploads\/2022\/04\/parafuso-brocante.png","contentUrl":"https:\/\/casaaraucariaperfis.com.br\/wp-content\/uploads\/2022\/04\/parafuso-brocante.png","width":300,"height":300},{"@type":"BreadcrumbList","@id":"https:\/\/casaaraucariaperfis.com.br\/produto\/parafuso-cab-sext-p-broca-4-8-x-19-500un\/#breadcrumb","itemListElement":[{"@type":"ListItem","position":1,"name":"Arauc\u00e1ria Perfis (41)3607-5513 (41) 99196-5846 Perfis de Steel Frame perfis de Drywall Telhado Met\u00e1lico Perfils Engenheirado Steel Frame Light","item":"https:\/\/casaaraucariaperfis.com.br\/"},{"@type":"ListItem","position":2,"name":"Shop","item":"https:\/\/casaaraucariaperfis.com.br\/?page_id=207"},{"@type":"ListItem","position":3,"name":"Parafuso Cab Sext p\/ Broca 4.8 x 19 ( 500UN )"}]},{"@type":"WebSite","@id":"https:\/\/casaaraucariaperfis.com.br\/#website","url":"https:\/\/casaaraucariaperfis.com.br\/","name":"Arauc\u00e1ria Perfis","description":"perfis de drywall e steel frame dentro das normas ABNT","publisher":{"@id":"https:\/\/casaaraucariaperfis.com.br\/#organization"},"potentialAction":[{"@type":"SearchAction","target":{"@type":"EntryPoint","urlTemplate":"https:\/\/casaaraucariaperfis.com.br\/?s={search_term_string}"},"query-input":{"@type":"PropertyValueSpecification","valueRequired":true,"valueName":"search_term_string"}}],"inLanguage":"pt-BR"},{"@type":"Organization","@id":"https:\/\/casaaraucariaperfis.com.br\/#organization","name":"Arauc\u00e1ria Perfis","url":"https:\/\/casaaraucariaperfis.com.br\/","logo":{"@type":"ImageObject","inLanguage":"pt-BR","@id":"https:\/\/casaaraucariaperfis.com.br\/#\/schema\/logo\/image\/","url":"https:\/\/casaaraucariaperfis.com.br\/wp-content\/uploads\/2022\/03\/logo.png","contentUrl":"https:\/\/casaaraucariaperfis.com.br\/wp-content\/uploads\/2022\/03\/logo.png","width":305,"height":71,"caption":"Arauc\u00e1ria Perfis"},"image":{"@id":"https:\/\/casaaraucariaperfis.com.br\/#\/schema\/logo\/image\/"}}]}},"_links":{"self":[{"href":"https:\/\/casaaraucariaperfis.com.br\/index.php?rest_route=\/wp\/v2\/product\/5135","targetHints":{"allow":["GET"]}}],"collection":[{"href":"https:\/\/casaaraucariaperfis.com.br\/index.php?rest_route=\/wp\/v2\/product"}],"about":[{"href":"https:\/\/casaaraucariaperfis.com.br\/index.php?rest_route=\/wp\/v2\/types\/product"}],"replies":[{"embeddable":true,"href":"https:\/\/casaaraucariaperfis.com.br\/index.php?rest_route=%2Fwp%2Fv2%2Fcomments&post=5135"}],"wp:featuredmedia":[{"embeddable":true,"href":"https:\/\/casaaraucariaperfis.com.br\/index.php?rest_route=\/wp\/v2\/media\/5137"}],"wp:attachment":[{"href":"https:\/\/casaaraucariaperfis.com.br\/index.php?rest_route=%2Fwp%2Fv2%2Fmedia&parent=5135"}],"wp:term":[{"taxonomy":"product_brand","embeddable":true,"href":"https:\/\/casaaraucariaperfis.com.br\/index.php?rest_route=%2Fwp%2Fv2%2Fproduct_brand&post=5135"},{"taxonomy":"product_cat","embeddable":true,"href":"https:\/\/casaaraucariaperfis.com.br\/index.php?rest_route=%2Fwp%2Fv2%2Fproduct_cat&post=5135"},{"taxonomy":"product_tag","embeddable":true,"href":"https:\/\/casaaraucariaperfis.com.br\/index.php?rest_route=%2Fwp%2Fv2%2Fproduct_tag&post=5135"}],"curies":[{"name":"wp","href":"https:\/\/api.w.org\/{rel}","templated":true}]}}